{"id":6,"date":"2017-06-18T21:12:41","date_gmt":"2017-06-18T19:12:41","guid":{"rendered":"http:\/\/sf-energie.ch\/?page_id=6"},"modified":"2021-05-21T11:09:41","modified_gmt":"2021-05-21T09:09:41","slug":"projekte","status":"publish","type":"page","link":"https:\/\/sf-energie.ch\/index.php\/projekte\/","title":{"rendered":"Projekte"},"content":{"rendered":"<div id=\"pl-6\"  class=\"panel-layout\" ><div id=\"pg-6-0\"  class=\"panel-grid panel-has-style\" ><div class=\"siteorigin-panels-stretch panel-row-style panel-row-style-for-6-0\" data-stretch-type=\"full-stretched\" ><div id=\"pgc-6-0-0\"  class=\"panel-grid-cell\" ><div id=\"panel-6-0-0-0\" class=\"so-panel widget widget_sow-hero panel-first-child panel-last-child\" data-index=\"0\" ><div\n\t\t\t\n\t\t\tclass=\"so-widget-sow-hero so-widget-sow-hero-default-6e283e92799f-6 so-widget-fittext-wrapper\"\n\t\t\t data-fit-text-compressor=\"0.85\"\n\t\t>\t\t\t\t<div class=\"sow-slider-base\" style=\"display: none\" tabindex=\"0\">\n\t\t\t\t\t<ul\n\t\t\t\t\tclass=\"sow-slider-images\"\n\t\t\t\t\tdata-settings=\"{&quot;pagination&quot;:true,&quot;speed&quot;:800,&quot;timeout&quot;:8000,&quot;paused&quot;:false,&quot;pause_on_hover&quot;:false,&quot;swipe&quot;:true,&quot;nav_always_show_desktop&quot;:&quot;&quot;,&quot;nav_always_show_mobile&quot;:&quot;&quot;,&quot;breakpoint&quot;:&quot;780px&quot;,&quot;unmute&quot;:false,&quot;anchor&quot;:null}\"\n\t\t\t\t\t\t\t\t\t\tdata-anchor-id=\"\"\n\t\t\t\t>\t\t<li class=\"sow-slider-image  sow-slider-image-cover\" style=\"visibility: visible;;background-color: #333333;background-image: url(https:\/\/sf-energie.ch\/wp-content\/uploads\/2017\/06\/D3S_0421.jpg)\" >\n\t\t\t\t\t<div class=\"sow-slider-image-container\">\n\t\t\t<div class=\"sow-slider-image-wrapper\">\n\t\t\t\t<p>&nbsp;<\/p>\n<p>&nbsp;<\/p>\n<p>&nbsp;<\/p>\n<p>&nbsp;<\/p>\n<p>&nbsp;<\/p>\n\t\t\t<\/div>\n\t\t<\/div>\n\t\t\t\t<\/li>\n\t\t<\/ul>\t\t\t\t<ol class=\"sow-slider-pagination\">\n\t\t\t\t\t\t\t\t\t\t\t<li><a href=\"#\" data-goto=\"0\" aria-label=\"display slide 1\"><\/a><\/li>\n\t\t\t\t\t\t\t\t\t<\/ol>\n\n\t\t\t\t<div class=\"sow-slide-nav sow-slide-nav-next\">\n\t\t\t\t\t<a href=\"#\" data-goto=\"next\" aria-label=\"next slide\" data-action=\"next\">\n\t\t\t\t\t\t<em class=\"sow-sld-icon-thin-right\"><\/em>\n\t\t\t\t\t<\/a>\n\t\t\t\t<\/div>\n\n\t\t\t\t<div class=\"sow-slide-nav sow-slide-nav-prev\">\n\t\t\t\t\t<a href=\"#\" data-goto=\"previous\" aria-label=\"previous slide\" data-action=\"prev\">\n\t\t\t\t\t\t<em class=\"sow-sld-icon-thin-left\"><\/em>\n\t\t\t\t\t<\/a>\n\t\t\t\t<\/div>\n\t\t\t\t<\/div><\/div><\/div><\/div><\/div><\/div><div id=\"pg-6-1\"  class=\"panel-grid panel-has-style\" ><div class=\"panel-row-style panel-row-style-for-6-1\" ><div id=\"pgc-6-1-0\"  class=\"panel-grid-cell\" ><div id=\"panel-6-1-0-0\" class=\"so-panel widget widget_sow-editor panel-first-child panel-last-child\" data-index=\"1\" ><div\n\t\t\t\n\t\t\tclass=\"so-widget-sow-editor so-widget-sow-editor-base\"\n\t\t\t\n\t\t>\n<div class=\"siteorigin-widget-tinymce textwidget\">\n\t<h1>Projekte<\/h1>\n<\/div>\n<\/div><\/div><\/div><\/div><\/div><div id=\"pg-6-2\"  class=\"panel-grid panel-no-style\" ><div id=\"pgc-6-2-0\"  class=\"panel-grid-cell\" ><div id=\"panel-6-2-0-0\" class=\"so-panel widget widget_siteorigin-panels-postloop panel-first-child panel-last-child\" data-index=\"2\" ><article id=\"post-88\" class=\"post-88 post type-post status-publish format-standard has-post-thumbnail hentry category-bauprojekte-sf-energie\">\n\t<header class=\"entry-header\">\n\t\t<h1 class=\"entry-title\">Ersatz und Ausbau K\u00e4lteanlage f\u00fcr Reinraumanlagen Leistung: 1500 kW<\/h1>        \t\t<div class=\"entry-meta\">\n\t\t\t<span class=\"posted-on\">Posted on <a href=\"https:\/\/sf-energie.ch\/index.php\/ausbau-reinraumbereich-midizinaltechnik-iso-7\/\" rel=\"bookmark\"><time class=\"entry-date published\" datetime=\"2017-06-19T10:34:47+02:00\">19. Juni 2017<\/time><time class=\"updated hide\" datetime=\"2018-02-03T17:36:52+01:00\">3. Februar 2018<\/time><\/a><\/span><span class=\"byline\"> by <span class=\"author vcard\"><a  rel=\"author\" class=\"url fn n\" href=\"https:\/\/sf-energie.ch\/index.php\/author\/stefan-fritschi\/\">stefan.fritschi<\/a><\/span><\/span>\t\t<\/div><!-- .entry-meta -->\n        \t<\/header><!-- .entry-header -->\n\n    \n\t<div class=\"entry-content\">\n\t\t<p><strong>Bauherr<\/strong> Biotronik AG B\u00fclach<\/p>\n<p>Die Biotronik AG ist ein Hightechbetrieb im Bereich der Medizinaltechnik. In B\u00fclach ist ein Grossteil der Produktion von Stents lokalisiert. F\u00fcr die rationelle Produktion des Wirkstoffbeschichteten Produkts \u00abOsiro\u00bb wurde ein neuer Reinraum in der bestehenden Geb\u00e4udeh\u00fclle geplant und realisiert.<\/p>\n<p>Die neuen Produktionsr\u00e4ume konnten nach einer neunmonatigen Planung innerhalb eines Jahres realisiert und qualifiziert werden und erfolgreich im September 2017 \u00fcbergeben werden. Seit September 2017 wird in den R\u00e4umen produziert.<\/p>\n<p><strong>Kenndaten<br \/>\n<\/strong>Zeitraum Planungsstart Januar 2016 \/ Betriebsaufnahme September 2017<\/p>\n<p>Leistungen SF Energie AG \u2013 Planung L\u00fcftungs- und Klimaanlagen \/ Geb\u00e4udeautomation. Alle Phasen vom Konzept \u00fcber Realisierung bis zu den Abnahmen und \u00fcbergaben an den Betreiber<\/p>\n<p><img decoding=\"async\" loading=\"lazy\" class=\"alignnone size-large wp-image-134\" src=\"http:\/\/sf-energie.ch\/wp-content\/uploads\/2017\/06\/D3S_0294-1024x681.jpg\" alt=\"\" width=\"800\" height=\"532\" srcset=\"https:\/\/sf-energie.ch\/wp-content\/uploads\/2017\/06\/D3S_0294-1024x681.jpg 1024w, https:\/\/sf-energie.ch\/wp-content\/uploads\/2017\/06\/D3S_0294-300x200.jpg 300w, https:\/\/sf-energie.ch\/wp-content\/uploads\/2017\/06\/D3S_0294-768x511.jpg 768w, https:\/\/sf-energie.ch\/wp-content\/uploads\/2017\/06\/D3S_0294-272x182.jpg 272w\" sizes=\"(max-width: 800px) 100vw, 800px\" \/><\/p>\n\t\t\t<\/div><!-- .entry-content -->\n    \t<footer class=\"entry-footer\">\n\t\t<span class=\"comments-link\"><a href=\"https:\/\/sf-energie.ch\/index.php\/ausbau-reinraumbereich-midizinaltechnik-iso-7\/#respond\">Leave a comment<\/a><\/span>\t<\/footer><!-- .entry-footer -->\n    <\/article><!-- #post-## -->\n\n<\/div><\/div><\/div><div id=\"pg-6-3\"  class=\"panel-grid panel-has-style\" ><div class=\"footer siteorigin-panels-stretch panel-row-style panel-row-style-for-6-3\" id=\"footer\" data-stretch-type=\"full\" ><div id=\"pgc-6-3-0\"  class=\"panel-grid-cell\" ><div id=\"panel-6-3-0-0\" class=\"so-panel widget widget_sow-editor panel-first-child panel-last-child\" data-index=\"3\" ><div\n\t\t\t\n\t\t\tclass=\"so-widget-sow-editor so-widget-sow-editor-base\"\n\t\t\t\n\t\t>\n<div class=\"siteorigin-widget-tinymce textwidget\">\n\t<p style=\"float: left;\"><span style=\"color: #ffffff;\"><strong>\u00a9 SF Energie AG 2020<br \/> <\/strong><a href=\"http:\/\/sf-energie.ch\/index.php\/impressum\/\">Impressum<\/a><\/span><\/p>\n<p style=\"float: right;\"><span style=\"color: #ffffff;\"><strong>Design<\/strong><\/span><br \/> <span style=\"color: #ffffff;\"><a href=\"https:\/\/yannickbach.ch\" target=\"_blank\" rel=\"noopener\">Yannick Bach<\/a><\/span><\/p>\n<\/div>\n<\/div><\/div><\/div><\/div><\/div><\/div>","protected":false},"excerpt":{"rendered":"<p>Projekte \u00a9 SF Energie AG 2020 Impressum Design Yannick Bach<\/p>\n","protected":false},"author":1,"featured_media":0,"parent":0,"menu_order":0,"comment_status":"closed","ping_status":"closed","template":"","meta":{"footnotes":""},"_links":{"self":[{"href":"https:\/\/sf-energie.ch\/index.php\/wp-json\/wp\/v2\/pages\/6"}],"collection":[{"href":"https:\/\/sf-energie.ch\/index.php\/wp-json\/wp\/v2\/pages"}],"about":[{"href":"https:\/\/sf-energie.ch\/index.php\/wp-json\/wp\/v2\/types\/page"}],"author":[{"embeddable":true,"href":"https:\/\/sf-energie.ch\/index.php\/wp-json\/wp\/v2\/users\/1"}],"replies":[{"embeddable":true,"href":"https:\/\/sf-energie.ch\/index.php\/wp-json\/wp\/v2\/comments?post=6"}],"version-history":[{"count":57,"href":"https:\/\/sf-energie.ch\/index.php\/wp-json\/wp\/v2\/pages\/6\/revisions"}],"predecessor-version":[{"id":426,"href":"https:\/\/sf-energie.ch\/index.php\/wp-json\/wp\/v2\/pages\/6\/revisions\/426"}],"wp:attachment":[{"href":"https:\/\/sf-energie.ch\/index.php\/wp-json\/wp\/v2\/media?parent=6"}],"curies":[{"name":"wp","href":"https:\/\/api.w.org\/{rel}","templated":true}]}}

<div id="pl-6"  class="panel-layout" ><div id="pg-6-0"  class="panel-grid panel-has-style" ><div class="siteorigin-panels-stretch panel-row-style panel-row-style-for-6-0" data-stretch-type="full-stretched" ><div id="pgc-6-0-0"  class="panel-grid-cell" ><div id="panel-6-0-0-0" class="so-panel widget widget_sow-hero panel-first-child panel-last-child" data-index="0" ><div
			
			class="so-widget-sow-hero so-widget-sow-hero-default-6e283e92799f-6 so-widget-fittext-wrapper"
			 data-fit-text-compressor="0.85"
		>				<div class="sow-slider-base" style="display: none" tabindex="0">
					<ul
					class="sow-slider-images"
					data-settings="{&quot;pagination&quot;:true,&quot;speed&quot;:800,&quot;timeout&quot;:8000,&quot;paused&quot;:false,&quot;pause_on_hover&quot;:false,&quot;swipe&quot;:true,&quot;nav_always_show_desktop&quot;:&quot;&quot;,&quot;nav_always_show_mobile&quot;:&quot;&quot;,&quot;breakpoint&quot;:&quot;780px&quot;,&quot;unmute&quot;:false,&quot;anchor&quot;:null}"
										data-anchor-id=""
				>		<li class="sow-slider-image  sow-slider-image-cover" style="visibility: visible;;background-color: #333333;background-image: url(https://sf-energie.ch/wp-content/uploads/2017/06/D3S_0421.jpg)" >
					<div class="sow-slider-image-container">
			<div class="sow-slider-image-wrapper">
				<p>&nbsp;</p>
<p>&nbsp;</p>
<p>&nbsp;</p>
<p>&nbsp;</p>
<p>&nbsp;</p>
			</div>
		</div>
				</li>
		</ul>				<ol class="sow-slider-pagination">
											<li><a href="#" data-goto="0" aria-label="display slide 1"></a></li>
									</ol>

				<div class="sow-slide-nav sow-slide-nav-next">
					<a href="#" data-goto="next" aria-label="next slide" data-action="next">
						<em class="sow-sld-icon-thin-right"></em>
					</a>
				</div>

				<div class="sow-slide-nav sow-slide-nav-prev">
					<a href="#" data-goto="previous" aria-label="previous slide" data-action="prev">
						<em class="sow-sld-icon-thin-left"></em>
					</a>
				</div>
				</div></div></div></div></div></div><div id="pg-6-1"  class="panel-grid panel-has-style" ><div class="panel-row-style panel-row-style-for-6-1" ><div id="pgc-6-1-0"  class="panel-grid-cell" ><div id="panel-6-1-0-0" class="so-panel widget widget_sow-editor panel-first-child panel-last-child" data-index="1" ><div
			
			class="so-widget-sow-editor so-widget-sow-editor-base"
			
		>
<div class="siteorigin-widget-tinymce textwidget">
	<h1>Projekte</h1>
</div>
</div></div></div></div></div><div id="pg-6-2"  class="panel-grid panel-no-style" ><div id="pgc-6-2-0"  class="panel-grid-cell" ><div id="panel-6-2-0-0" class="so-panel widget widget_siteorigin-panels-postloop panel-first-child panel-last-child" data-index="2" ><article id="post-88" class="post-88 post type-post status-publish format-standard has-post-thumbnail hentry category-bauprojekte-sf-energie">
	<header class="entry-header">
		<h1 class="entry-title">Ersatz und Ausbau Kälteanlage für Reinraumanlagen Leistung: 1500 kW</h1>        		<div class="entry-meta">
			<span class="posted-on">Posted on <a href="https://sf-energie.ch/index.php/ausbau-reinraumbereich-midizinaltechnik-iso-7/" rel="bookmark"><time class="entry-date published" datetime="2017-06-19T10:34:47+02:00">19. Juni 2017</time><time class="updated hide" datetime="2018-02-03T17:36:52+01:00">3. Februar 2018</time></a></span><span class="byline"> by <span class="author vcard"><a  rel="author" class="url fn n" href="https://sf-energie.ch/index.php/author/stefan-fritschi/">stefan.fritschi</a></span></span>		</div><!-- .entry-meta -->
        	</header><!-- .entry-header -->

    
	<div class="entry-content">
		<p><strong>Bauherr</strong> Biotronik AG Bülach</p>
<p>Die Biotronik AG ist ein Hightechbetrieb im Bereich der Medizinaltechnik. In Bülach ist ein Grossteil der Produktion von Stents lokalisiert. Für die rationelle Produktion des Wirkstoffbeschichteten Produkts «Osiro» wurde ein neuer Reinraum in der bestehenden Gebäudehülle geplant und realisiert.</p>
<p>Die neuen Produktionsräume konnten nach einer neunmonatigen Planung innerhalb eines Jahres realisiert und qualifiziert werden und erfolgreich im September 2017 übergeben werden. Seit September 2017 wird in den Räumen produziert.</p>
<p><strong>Kenndaten<br />
</strong>Zeitraum Planungsstart Januar 2016 / Betriebsaufnahme September 2017</p>
<p>Leistungen SF Energie AG – Planung Lüftungs- und Klimaanlagen / Gebäudeautomation. Alle Phasen vom Konzept über Realisierung bis zu den Abnahmen und übergaben an den Betreiber</p>
<p><img decoding="async" loading="lazy" class="alignnone size-large wp-image-134" src="http://sf-energie.ch/wp-content/uploads/2017/06/D3S_0294-1024x681.jpg" alt="" width="800" height="532" srcset="https://sf-energie.ch/wp-content/uploads/2017/06/D3S_0294-1024x681.jpg 1024w, https://sf-energie.ch/wp-content/uploads/2017/06/D3S_0294-300x200.jpg 300w, https://sf-energie.ch/wp-content/uploads/2017/06/D3S_0294-768x511.jpg 768w, https://sf-energie.ch/wp-content/uploads/2017/06/D3S_0294-272x182.jpg 272w" sizes="(max-width: 800px) 100vw, 800px" /></p>
			</div><!-- .entry-content -->
    	<footer class="entry-footer">
		<span class="comments-link"><a href="https://sf-energie.ch/index.php/ausbau-reinraumbereich-midizinaltechnik-iso-7/#respond">Leave a comment</a></span>	</footer><!-- .entry-footer -->
    </article><!-- #post-## -->

</div></div></div><div id="pg-6-3"  class="panel-grid panel-has-style" ><div class="footer siteorigin-panels-stretch panel-row-style panel-row-style-for-6-3" id="footer" data-stretch-type="full" ><div id="pgc-6-3-0"  class="panel-grid-cell" ><div id="panel-6-3-0-0" class="so-panel widget widget_sow-editor panel-first-child panel-last-child" data-index="3" ><div
			
			class="so-widget-sow-editor so-widget-sow-editor-base"
			
		>
<div class="siteorigin-widget-tinymce textwidget">
	<p style="float: left;"><span style="color: #ffffff;"><strong>© SF Energie AG 2020<br /> </strong><a href="http://sf-energie.ch/index.php/impressum/">Impressum</a></span></p>
<p style="float: right;"><span style="color: #ffffff;"><strong>Design</strong></span><br /> <span style="color: #ffffff;"><a href="https://yannickbach.ch" target="_blank" rel="noopener">Yannick Bach</a></span></p>
</div>
</div></div></div></div></div></div>
